{"id":165,"date":"2023-11-06T15:27:23","date_gmt":"2023-11-06T14:27:23","guid":{"rendered":"https:\/\/www.amnc45.com\/?page_id=165"},"modified":"2023-11-07T09:58:28","modified_gmt":"2023-11-07T08:58:28","slug":"le-coin-des-enfants","status":"publish","type":"page","link":"https:\/\/www.amnc45.com\/index.php\/le-coin-des-enfants\/","title":{"rendered":"Le coin des enfants"},"content":{"rendered":"<section class=\"wpb-content-wrapper\">[vc_row][vc_column][vc_column_text css=\u00a0\u00bb.vc_custom_1699347506706{margin-top: 150px !important;}\u00a0\u00bb][\/vc_column_text][vc_single_image image=\u00a0\u00bb169&Prime; img_size=\u00a0\u00bblarge\u00a0\u00bb][vc_column_text]\n<p>La lettre au P\u00e8re-No\u00ebl, une jolie tradition que les enfants adorent.<br \/>\nAlors o\u00f9 l&rsquo;envoyer ? Comment faire pour avoir une r\u00e9ponse du P\u00e8re-No\u00ebl ?<\/p>\n<p><strong>Un service gratuit<\/strong><br \/>\nLa Poste organise ce service postal du P\u00e8re-No\u00ebl depuis Libourne, chez nos voisins Girondins. Le service courrier du p\u00e8re No\u00ebl est un service gratuit que tous les petits fran\u00e7ais peuvent utiliser. Et cela vous permet &#8211; mine de rien &#8211; de conna\u00eetre les envies de leurs enfants. Malin ! Vous pouvez donc faire dessiner le timbre s&rsquo;il en a envie. En tout cas, <strong>PAS BESOIN DE TIMBRE.<\/strong><\/p>\n<p><strong>Description<\/strong><\/p>\n<ol>\n<li>\u00c9crivez, dessinez, coloriez, collez et passez un bon moment avec votre enfant \u00e0 r\u00e9aliser une jolie lettre<\/li>\n<li>Indiquer votre nom et votre adresse (pour que le P\u00e8re-No\u00ebl puisse vous r\u00e9pondre)<\/li>\n<li>Sur l&rsquo;enveloppe, n&rsquo;oubliez pas le mot magique \u00ab\u00a0P\u00e8re-No\u00ebl\u00a0\u00bb, avec une adresse imaginaire.<\/li>\n<li>Postez votre courrier avant le 15 d\u00e9cembre pour avoir une r\u00e9ponse.Pas besoin de timbre, <strong><em>c&rsquo;est GRATUIT\u00a0!<\/em><\/strong><\/li>\n<\/ol>\n<p>&nbsp;<\/p>\n<p>&nbsp;<\/p>\n[\/vc_column_text][\/vc_column][\/vc_row]\n<\/section>","protected":false},"excerpt":{"rendered":"<p>[vc_row][vc_column][vc_column_text css=\u00a0\u00bb.vc_custom_1699347506706{margin-top: 150px !important;}\u00a0\u00bb][\/vc_column_text][vc_single_image image=\u00a0\u00bb169&Prime; img_size=\u00a0\u00bblarge\u00a0\u00bb][vc_column_text] La lettre au P\u00e8re-No\u00ebl, une jolie tradition que les enfants adorent. Alors o\u00f9 l&rsquo;envoyer ? Comment faire pour avoir une r\u00e9ponse du P\u00e8re-No\u00ebl ? Un service gratuit La Poste organise ce service postal du P\u00e8re-No\u00ebl depuis Libourne, chez nos voisins Girondins. Le service courrier du p\u00e8re No\u00ebl est un [&hellip;]<\/p>\n","protected":false},"author":1,"featured_media":0,"parent":0,"menu_order":0,"comment_status":"closed","ping_status":"closed","template":"templates\/visualcomposer_template.php","meta":{"pgc_sgb_lightbox_settings":"","footnotes":""},"class_list":["post-165","page","type-page","status-publish","hentry"],"_links":{"self":[{"href":"https:\/\/www.amnc45.com\/index.php\/wp-json\/wp\/v2\/pages\/165","targetHints":{"allow":["GET"]}}],"collection":[{"href":"https:\/\/www.amnc45.com\/index.php\/wp-json\/wp\/v2\/pages"}],"about":[{"href":"https:\/\/www.amnc45.com\/index.php\/wp-json\/wp\/v2\/types\/page"}],"author":[{"embeddable":true,"href":"https:\/\/www.amnc45.com\/index.php\/wp-json\/wp\/v2\/users\/1"}],"replies":[{"embeddable":true,"href":"https:\/\/www.amnc45.com\/index.php\/wp-json\/wp\/v2\/comments?post=165"}],"version-history":[{"count":13,"href":"https:\/\/www.amnc45.com\/index.php\/wp-json\/wp\/v2\/pages\/165\/revisions"}],"predecessor-version":[{"id":181,"href":"https:\/\/www.amnc45.com\/index.php\/wp-json\/wp\/v2\/pages\/165\/revisions\/181"}],"wp:attachment":[{"href":"https:\/\/www.amnc45.com\/index.php\/wp-json\/wp\/v2\/media?parent=165"}],"curies":[{"name":"wp","href":"https:\/\/api.w.org\/{rel}","templated":true}]}}