{"id":134,"date":"2023-10-31T15:07:58","date_gmt":"2023-10-31T14:07:58","guid":{"rendered":"https:\/\/www.amnc45.com\/?page_id=134"},"modified":"2023-10-31T15:29:53","modified_gmt":"2023-10-31T14:29:53","slug":"contact","status":"publish","type":"page","link":"https:\/\/www.amnc45.com\/index.php\/contact\/","title":{"rendered":"Contact"},"content":{"rendered":"<section class=\"wpb-content-wrapper\">[vc_row][vc_column][vc_separator][vc_column_text css=\u00a0\u00bb.vc_custom_1697791508026{margin-right: 900px !important;margin-left: 900px !important;padding-right: 300px !important;padding-left: 300px !important;}\u00a0\u00bb]\u00a0[\/vc_column_text][\/vc_column][\/vc_row][vc_row opacity_bg_pattern=\u00a0\u00bb0.1&Prime; css=\u00a0\u00bb.vc_custom_1449828874481{padding-top: 98px !important;padding-bottom: 67px !important;}\u00a0\u00bb el_id=\u00a0\u00bbcontact\u00a0\u00bb][vc_column css=\u00a0\u00bb.vc_custom_1447082568038{padding-bottom: 10px !important;}\u00a0\u00bb]<div class=\"events_heading text-center \">\n<h2>Contactez-<span style=\"color: #f74949;\">nous<\/span><\/h2>\n<h3>N&rsquo;h\u00e9sitez pas \u00e0 nous contacter, nous r\u00e9pondrons dans les plus brefs d\u00e9lais \u00e0 vos questions<\/h3>\n<hr\/><\/div>[\/vc_column][\/vc_row][vc_row][vc_column]\n<div class=\"wpcf7 no-js\" id=\"wpcf7-f7-o1\" lang=\"fr-FR\" dir=\"ltr\" data-wpcf7-id=\"7\">\n<div class=\"screen-reader-response\"><p role=\"status\" aria-live=\"polite\" aria-atomic=\"true\"><\/p> <ul><\/ul><\/div>\n<form action=\"\/index.php\/wp-json\/wp\/v2\/pages\/134#wpcf7-f7-o1\" method=\"post\" class=\"wpcf7-form init\" aria-label=\"Formulaire de contact\" novalidate=\"novalidate\" data-status=\"init\">\n<fieldset class=\"hidden-fields-container\"><input type=\"hidden\" name=\"_wpcf7\" value=\"7\" \/><input type=\"hidden\" name=\"_wpcf7_version\" value=\"6.1.5\" \/><input type=\"hidden\" name=\"_wpcf7_locale\" value=\"fr_FR\" \/><input type=\"hidden\" name=\"_wpcf7_unit_tag\" value=\"wpcf7-f7-o1\" \/><input type=\"hidden\" name=\"_wpcf7_container_post\" value=\"0\" \/><input type=\"hidden\" name=\"_wpcf7_posted_data_hash\" value=\"\" \/>\n<\/fieldset>\n<div class=\"events_contactform\">\n\t<div class=\"col-sm-12\">\n\t\t<p><span class=\"wpcf7-form-control-wrap\" data-name=\"your-name\"><input size=\"40\" maxlength=\"400\" class=\"wpcf7-form-control wpcf7-text wpcf7-validates-as-required formgroup\" aria-required=\"true\" aria-invalid=\"false\" placeholder=\"Votre pr\u00e9nom et nom*\" value=\"\" type=\"text\" name=\"your-name\" \/><\/span>\n\t\t<\/p>\n\t<\/div>\n\t<div class=\"col-sm-12\" >\n\t\t<p><span class=\"wpcf7-form-control-wrap\" data-name=\"your-email\"><input size=\"40\" maxlength=\"400\" class=\"wpcf7-form-control wpcf7-email wpcf7-validates-as-required wpcf7-text wpcf7-validates-as-email formgroup\" aria-required=\"true\" aria-invalid=\"false\" placeholder=\"Votre email*\" value=\"\" type=\"email\" name=\"your-email\" \/><\/span>\n\t\t<\/p>\n\t<\/div>\n\t<div class=\"col-sm-12\" >\n\t\t<p><span class=\"wpcf7-form-control-wrap\" data-name=\"telephone\"><input size=\"40\" maxlength=\"400\" class=\"wpcf7-form-control wpcf7-text wpcf7-validates-as-required formgroup\" aria-required=\"true\" aria-invalid=\"false\" placeholder=\"T\u00e9l\u00e9phone*\" value=\"\" type=\"text\" name=\"telephone\" \/><\/span>\n\t\t<\/p>\n\t\t<div class=\"col-sm-12\" >\n\t\t\t<p><label> Vous \u00eates :<br \/>\n<\/label>\n\t\t\t<\/p>\n\t\t\t<div class=\"col-sm-12\" >\n\t\t\t\t<p><span class=\"wpcf7-form-control-wrap\" data-name=\"vous-etes\"><span class=\"wpcf7-form-control wpcf7-radio formgroup\"><span class=\"wpcf7-list-item first\"><input type=\"radio\" name=\"vous-etes\" value=\"une entreprise\" \/><span class=\"wpcf7-list-item-label\">une entreprise<\/span><\/span><span class=\"wpcf7-list-item last\"><input type=\"radio\" name=\"vous-etes\" value=\"un particulier\" \/><span class=\"wpcf7-list-item-label\">un particulier<\/span><\/span><\/span><\/span>\n\t\t\t\t<\/p>\n\t\t\t<\/div>\n\t\t\t<div class=\"col-sm-12\">\n\t\t\t\t<p><span class=\"wpcf7-form-control-wrap\" data-name=\"activite\"><input size=\"40\" maxlength=\"400\" class=\"wpcf7-form-control wpcf7-text wpcf7-validates-as-required formgroup\" aria-required=\"true\" aria-invalid=\"false\" placeholder=\"Quel est votre activit\u00e9 ?\" value=\"\" type=\"text\" name=\"activite\" \/><\/span>\n\t\t\t\t<\/p>\n\t\t\t<\/div>\n\t\t\t<div class=\"col-sm-12\" >\n\t\t\t\t<p><span class=\"wpcf7-form-control-wrap\" data-name=\"your-message\"><textarea cols=\"40\" rows=\"10\" maxlength=\"2000\" class=\"wpcf7-form-control wpcf7-textarea wpcf7-validates-as-required formgroup\" aria-required=\"true\" aria-invalid=\"false\" placeholder=\"Votre message*...\" name=\"your-message\"><\/textarea><\/span>\n\t\t\t\t<\/p>\n\t\t\t<\/div>\n\t\t\t<div class=\"col-sm-12 text-center\" >\n\t\t\t\t<p><span class=\"button\"><input class=\"wpcf7-form-control wpcf7-submit has-spinner events_submit\" type=\"submit\" value=\"Envoyer\" \/><i class=\"fa fa-arrow-circle-right\"><\/i><\/span>\n\t\t\t\t<\/p>\n\t\t\t<\/div>\n\t\t<\/div>\n\t<\/div>\n<\/div><p style=\"display: none !important;\" class=\"akismet-fields-container\" data-prefix=\"_wpcf7_ak_\"><label>&#916;<textarea name=\"_wpcf7_ak_hp_textarea\" cols=\"45\" rows=\"8\" maxlength=\"100\"><\/textarea><\/label><input type=\"hidden\" id=\"ak_js_1\" name=\"_wpcf7_ak_js\" value=\"119\"\/><script>document.getElementById( \"ak_js_1\" ).setAttribute( \"value\", ( new Date() ).getTime() );<\/script><\/p><div class=\"wpcf7-response-output\" aria-hidden=\"true\"><\/div>\n<\/form>\n<\/div>\n[vc_separator border_width=\u00a0\u00bb5&Prime;][\/vc_column][\/vc_row][vc_row][vc_column width=\u00a0\u00bb1\/3&Prime;][vc_column_text]\n<p style=\"text-align: center;\"><strong>Adresse mail de l&rsquo;Association du march\u00e9 de No\u00ebl :<\/strong> <a href=\"mailto:bureau.amnc45@gmail.com\">bureau.amnc45@gmail.com<\/a><\/p>\n[\/vc_column_text][\/vc_column][vc_column width=\u00a0\u00bb1\/3&Prime;][vc_column_text]\n<p style=\"text-align: center;\"><strong>T\u00e9l\u00e9phone de l&rsquo;association :<\/strong><br \/>\n06 60 95 38 19<br \/>\n<em>N&rsquo;h\u00e9sitez \u00e0 laisser un message<\/em><\/p>\n[\/vc_column_text][\/vc_column][vc_column width=\u00a0\u00bb1\/3&Prime;][vc_column_text]\n<p style=\"text-align: center;\"><strong>Adresse postale :<br \/>\n<\/strong>Mairie de Coullons, AMNC,<br \/>\n6 rue de la Mairie<br \/>\n45720 Coullons<\/p>\n[\/vc_column_text][\/vc_column][\/vc_row]\n<\/section>","protected":false},"excerpt":{"rendered":"<p>[vc_row][vc_column][vc_separator][vc_column_text css=\u00a0\u00bb.vc_custom_1697791508026{margin-right: 900px !important;margin-left: 900px !important;padding-right: 300px !important;padding-left: 300px !important;}\u00a0\u00bb]\u00a0[\/vc_column_text][\/vc_column][\/vc_row][vc_row opacity_bg_pattern=\u00a0\u00bb0.1&Prime; css=\u00a0\u00bb.vc_custom_1449828874481{padding-top: 98px !important;padding-bottom: 67px !important;}\u00a0\u00bb el_id=\u00a0\u00bbcontact\u00a0\u00bb][vc_column css=\u00a0\u00bb.vc_custom_1447082568038{padding-bottom: 10px !important;}\u00a0\u00bb][\/vc_column][\/vc_row][vc_row][vc_column][vc_separator border_width=\u00a0\u00bb5&Prime;][\/vc_column][\/vc_row][vc_row][vc_column width=\u00a0\u00bb1\/3&Prime;][vc_column_text] Adresse mail de l&rsquo;Association du march\u00e9 de No\u00ebl : bureau.amnc45@gmail.com [\/vc_column_text][\/vc_column][vc_column width=\u00a0\u00bb1\/3&Prime;][vc_column_text] T\u00e9l\u00e9phone de l&rsquo;association : 06 60 95 38 19 N&rsquo;h\u00e9sitez \u00e0 laisser un message [\/vc_column_text][\/vc_column][vc_column width=\u00a0\u00bb1\/3&Prime;][vc_column_text] Adresse postale : Mairie de [&hellip;]<\/p>\n","protected":false},"author":1,"featured_media":0,"parent":0,"menu_order":0,"comment_status":"closed","ping_status":"closed","template":"templates\/visualcomposer_template.php","meta":{"pgc_sgb_lightbox_settings":"","footnotes":""},"class_list":["post-134","page","type-page","status-publish","hentry"],"_links":{"self":[{"href":"https:\/\/www.amnc45.com\/index.php\/wp-json\/wp\/v2\/pages\/134","targetHints":{"allow":["GET"]}}],"collection":[{"href":"https:\/\/www.amnc45.com\/index.php\/wp-json\/wp\/v2\/pages"}],"about":[{"href":"https:\/\/www.amnc45.com\/index.php\/wp-json\/wp\/v2\/types\/page"}],"author":[{"embeddable":true,"href":"https:\/\/www.amnc45.com\/index.php\/wp-json\/wp\/v2\/users\/1"}],"replies":[{"embeddable":true,"href":"https:\/\/www.amnc45.com\/index.php\/wp-json\/wp\/v2\/comments?post=134"}],"version-history":[{"count":2,"href":"https:\/\/www.amnc45.com\/index.php\/wp-json\/wp\/v2\/pages\/134\/revisions"}],"predecessor-version":[{"id":147,"href":"https:\/\/www.amnc45.com\/index.php\/wp-json\/wp\/v2\/pages\/134\/revisions\/147"}],"wp:attachment":[{"href":"https:\/\/www.amnc45.com\/index.php\/wp-json\/wp\/v2\/media?parent=134"}],"curies":[{"name":"wp","href":"https:\/\/api.w.org\/{rel}","templated":true}]}}